**3 + 3*d**2 - 2*d - 4. Let o(y) = y**3 + 4*y**2 - 2*y - 4. Let j(k) = -5*o(k) + 6*q(k). Calculate j(3).
-1
Let j(u) = u**2 - 11*u - 4. Suppose 0 = 2*l + 22 - 44. Give j(l).
-4
Let y be (-6)/10 + 140/25. Suppose -21 = -u - 4*k, -4*u - k = -4*k + 11. Let f(q) = 1 - u + 5*q + 7 - q**2. What is f(y)?
7
Let c = 8 - 5. Suppose 0 = 5*r + 4*q + 48, 0*r = 4*r + c*q + 38. Let h(m) = -m - 11. Determine h(r).
-3
Let d(q) = -3*q + 20. Let s be 1 + (-4)/(-16)*32. Give d(s).
-7
Let j(i) = 4*i + 17. Suppose 21 = -6*g - 3. Give j(g).
1
Let z(b) be the second derivative of b**3/3 + 6*b**2 - 115*b. Calculate z(-7).
-2
Suppose -20 = 4*k - 28. Let j(v) = 0*v**2 + 3 - 5*v**k - v**2 + v**3. Let t be (-136)/(-22) - (-6)/(-33). Give j(t).
3
Let f(l) = 3 - 4*l - 8 + 4. Let x(p) = p**2 - p - 10. Let c be x(-3). What is f(c)?
-9
Let y(l) = -3*l**3 + 4*l**2 + 4*l + 4. Let s(x) = 4*x**3 - 4*x**2 - 6*x - 6. Let c(a) = 2*s(a) + 3*y(a). Give c(5).
-25
Let c be -6 + (-36)/(27/(-3)) + -1. Let w(s) = -3*s**3 + 7*s**2 - 3*s - 6. Let r(m) = 8*m**3 - 20*m**2 + 9*m + 17. Let j(k) = 4*r(k) + 11*w(k). Determine j(c).
-7
Let x be 32/20*10/4. Suppose 4*m - 24 = -x*h, m + 2*h = 9 - 0. Let n(s) = -m + 4 + 11*s**2 - 1. Determine n(1).
11
Let w(a) = -a + 1. Let f be w(-3). Suppose -x - 4*x + 2*d = 6, 15 = -f*x + 5*d. Suppose x*t = t. Let p(m) = -m**2 + 4. Give p(t).
4
Let g(m) = 3*m + 3 + 4*m - 6*m + m. Let o(p) = -3*p - 7. Let v(w) = 7*g(w) + 4*o(w). Determine v(6).
5
Let k(h) be the third derivative of -h**4/12 + 5*h**3/6 + 3*h**2 + 177*h. Let b(a) = -a**3 - 5*a**2 + 6*a + 8. Let o be b(-6). Calculate k(o).
-11
Suppose -3*g = 4*n - 4*g - 19, 4*n + 5*g = 49. Let f(d) = -4*d + 8 + n*d - d**3 - 6*d**2 - 1 + d**2. What is f(-5)?
-3
Let j(b) = -7*b + 7. Let y(n) = n - 1. Let w(t) = -j(t) - 6*y(t). Suppose -3*l - 9 = r, 0 = -3*r + 2*l + 1 + 5. Determine w(r).
-1
Suppose -s - 1 = -6. Suppose -3*x = 5*v + 7, s*v + 4*x + 3 = 2*x. Let w be -7*(v + 22/(-14)). Let d(y) = -4*y + 6. Give d(w).
-10
Let x(w) = w**3 + 3*w**2 - 6*w - 6. Let r(v) = v + 1. Let h(f) = -5*r(f) + x(f). Give h(-5).
-6
Let y(l) = -2*l**3 - 4*l**2 - 4*l - 2. Let u be 0/10 - ((-1)/(-1) + -4). Suppose 6*i - u = -15. What is y(i)?
6
Suppose -4*z + 8 = 4*x - 2*x, z - 5*x = 24. Let j(k) be the third derivative of k**6/120 - k**5/10 + 7*k**4/24 - 5*k**3/6 + k**2. Calculate j(z).
-9
Suppose 2*l = 10, 4*n = -5*l + 43 - 10. Let a(q) = -7 - n*q + 15*q + q**2 + 5 - 7*q. Calculate a(-6).
-2
Let v = 39 - 56. Let q = 19 + v. Let n(z) = -q - 2 - z + 1. What is n(-8)?
5
Let g(l) = l**2 + 13*l + 9. Suppose 31*c = 41*c + 130. What is g(c)?
9
Let w(g) = 2*g + 10. Let k be w(-7). Let a(j) be the third derivative of -j**6/120 - j**5/10 - j**4/6 - j**3/3 + 7*j**2. What is a(k)?
-18
Let w(x) = x**3 + 2*x**2 - 3*x. Let s(f) = -2*f + 6. Let v(t) = -t**2 + 6*t + 2. Let y be v(6). Let h be s(y). What is w(h)?
10
Let n(l) = -18 - 3*l - 16 + 5 - 7. Calculate n(-12).
0
Suppose 259*v - 263*v + 40 = 0. Let n(s) = 6*s - v*s + 0 - 6 - 2*s**2. Give n(-4).
-22
Let s(u) = u**2 - 5*u - 9. Let y = -131 - -134. Suppose 4*g + y + 1 = 0, -6 = -a - g. What is s(a)?
5
Suppose 0*z + 3*z = 25*z - 88. Let m(a) = 16*a**2 - 15*a + 14. Let g(n) = 3*n**2 - 3*n + 3. Let s(l) = 11*g(l) - 2*m(l). Calculate s(z).
9
Let w(q) be the third derivative of 0 - 2*q**2 + 1/3*q**3 + 1/120*q**5 + 7/24*q**4 + 0*q. Let u(g) be the first derivative of w(g). What is u(-5)?
2
Let s(h) = h - 4. Let f be 6/21 - 4/14. Suppose -3*j - 2*c = 5 + 1, 2*c = j + 10. Let k = j + f. Determine s(k).
-8
Let m be -3 + -3 + (-35)/(-10)*-2. Let w(r) = r**3 - 14*r**2 + 14*r - 11. Let i(c) = -6*c**3 + 71*c**2 - 71*c + 55. Let j(l) = -2*i(l) - 11*w(l). What is j(m)?
-2
Suppose 0*c + 29 = o + 4*c, c - 23 = -2*o. Let u be 11/(-22) + o/2. Let g(r) = 1 + 6*r - 2*r**2 - 3*r**2 + u*r**2 + 0*r. What is g(6)?
1
Suppose -5*j - 4*m - m = -15, -2*j + 6 = -4*m. Let y(h) = -18*h**2 - 6*h**j - h + 19*h**2 + 5*h**3 - 3. What is y(0)?
-3
Let p(i) be the first derivative of 3*i**2 - 12*i - 8. Let t(x) = 6 - 5 + 0. Let m(n) = p(n) + 12*t(n). Calculate m(2).
12
Let a(h) = h**3 - 4*h**2 + 3*h + 2. Suppose 48 + 0 = 12*u. Let o be 33/(-44) + 15/u. Give a(o).
2
Suppose -4*d = 236 + 172. Let t = d + 104. Let u(h) = 9*h - 3. What is u(t)?
15
Let c(n) = -7*n**3 - 20*n**2 + 3*n + 5. Let l(o) = 6*o**3 + 18*o**2 - 2*o - 6. Let d(r) = 5*c(r) + 6*l(r). Determine d(-8).
-35
Let p(f) be the second derivative of f**4/12 - 7*f**3/6 - 7*f**2/2 - 11*f. Suppose 1 + 11 = 3*l + 4*z, 2*l = 2*z + 22. Give p(l).
1
Let n = 155 - 155. Let j be ((-5)/(-15))/((-1)/(-9) + n). Let b(p) = -3*p + 3. Give b(j).
-6
Let r = 23 - 37. Let m(y) = y**2 + 13*y - 8. Give m(r).
6
Let s(o) = 5*o**3 - 6*o**3 + 5*o**2 + 6*o + 25 - 18. Determine s(6).
7
Let k = -2 + -5. Let o(u) = -u**2 + 3*u - 1. Let r(l) = -3*l**2 + 21*l + 3. Let d(s) = 4*o(s) - r(s). Determine d(k).
7
Let j(n) = -n**3 + 3*n**2 + 2*n + 4. Let a(v) = -v**3 - v**2 + 4*v. Let s be a(3). Let d be (-2)/8 - 414/s. Let p = d - 14. Give j(p).
10
Let h(u) = u**3 + 4*u**2 - 15*u - 13. Let r(x) = x**3 - 9*x**2 - 8*x - 26. Let o be r(10). What is h(o)?
5
Suppose -5*p = m - 409, 905 = 5*m + p - 1116. Let c(b) = -198*b - 205*b + m*b. Give c(-4).
-4
Let x(g) be the first derivative of -20 - g - 11/2*g**2. Determine x(-1).
10
Let w = -706 - -700. Let a(h) = -2*h**2 - 7*h + 12. Determine a(w).
-18
Suppose 66*g + 181 - 577 = 0. Let y(c) be the first derivative of -c**3/3 + 3*c**2 - 4*c + 1. Give y(g).
-4
Let g be 12/(-8)*(-4)/3. Let p = 5 + -3. Let q(x) = 3*x - x + x**p - 3*x - 3 + 4*x. Give q(g).
7
Let q(d) = -4*d + 9 - 5*d - d + 13*d. Determine q(-7).
-12
Let n(m) = 2*m + 8. Suppose -4*g = 4*v + 20, 12 - 2 = -2*g - v. Give n(g).
-2
Let l(m) = -m - 10 - 5*m**2 + 8*m - m**3 + 19. Suppose -4*v - v - 2*f = 34, -2*v - 4 = -4*f. Give l(v).
3
Let t(r) = -9*r**3 - 3*r**2 + 1. Let k(m) = -18*m**3 - 5*m**2 + 2. Let s(g) = 3*k(g) - 5*t(g). Let j be (-10)/(-45) + 7/9. What is s(j)?
-8
Let f(l) = 0 + 2 + 37*l**2 + 10 - 13*l - 16*l**2 - 20*l**2. Calculate f(10).
-18
Let x(q) be the third derivative of -q**4/6 - 3*q**3/2 + 10*q**2. Let f be x(-3). Let l(b) = b**2 + b**3 - f*b**2 - 6 - 3*b**2. Give l(5).
-6
Suppose -35*r + 10*r = -5*r + 60. Let o(u) = -1 + 3*u + 3 - 1. What is o(r)?
-8
Let w(j) = j**2 + 4*j - 2. Let u(v) = 6*v - 113. Let y be u(18). What is w(y)?
3
Suppose -43 - 7 = -5*t. Let w(y) = y + 0*y - t + 11. What is w(-1)?
0
Let r(t) = 5*t - 27. Let v be r(6). Suppose -2*u - 8 = -v*u. Let q(p) = 4*p - p**2 + 1 - u - 10*p. Calculate q(-5).
-2
Let f(n) = -16*n. Suppose 4*g = 11*g - 42. Suppose 8 - g = -2*p. Calculate f(p).
16
Suppose 4*w - 8*w = 5*t + 1, -3 = -5*t - 3*w. Let q be t - (-5)/(1 - -4). Let x(h) = -h**3 + 5*h**2 - 6*h + 2. Calculate x(q).
-6
Suppose -3*j + 51 = y, 0*y + 3*j = 3*y - 117. Let s be 822/y - 12/21. Suppose 3*f - s = 2. Let d(z) = -z**3 + 6*z**2 + 7*z - 8. Determine d(f).
-8
Let h(z) = -z**3 + 6*z**2 + 5*z + 9. Suppose -5*k + 27 = 9*y - 11*y, k - y = 3. Calculate h(k).
-5
Let b(x) = -48 + 15*x + 48 + 16*x**2 + x**3. Let l be b(-15). Let d(w) = -2 - 9*w**2 + l - w**3 + 2*w**2 - 6*w. Determine d(-6).
-2
Suppose 46*p - 2 = 44. Let c(r) = -58*r**3 - 2*r**2 + 1. Determine c(p).
-59
Let a(c) = c**2 - 5*c + 4. Suppose 5*t = 8*t - 54. Let f be ((-20)/6)/(t/(-27)). Determine a(f).
4
Let t(k) be the first derivative of k**3/3 + 7*k**2/2 - 6*k - 3. Suppose -4*q = 2*l, 6 = -q + l - 0*l. Let u be (3*-2)/(q + 7 - 4). What is t(u)?
-12
Let r(f) = f**3 + f**2 - 7. Let s = -1608 + 1608. Calculate r(s).
-7
Let m be 8 + -3 - (-1 - -1). Suppose i = -4*i + 3*u - 10, m*i - 2*u = -10. Let w(t) = -t**3 - 2 - 54*t**2 - 7*t + 52*t**2 + 3*t. Determine w(i).
6
Let n(p) = -p**2 - 13*p - 38. Let b be n(-8). Let q(a) = -a**2 - 188*a + 93*a + 94*a. What is q(b)?
-6
Let r = -1664 + 1656. Let s(y) = y - 7. Give s(r).
-15
Let o = -71 - -68. Let m(p) = 2*p**3 + 3*p**2 + 1. What is m(o)?
-26
Let k be (-4 - (-4)/(-8))/((-6)/8). Suppose -k*a = -2*a - 8. Let z(j) be the second derivative of j**5/20 - j**4/6 + 2*j**3/3 - 3*j**2/2 - j. What is z(a)?
5
Let o(j) = -2*j + 10. Suppose 3 = -s + 8*x - 12*x, 57 = 5*s - 4*x. Determine o(s).
-8
Let g(o) = -o**3 - 38*o**2 + 0*o**3 - 4*o + 44*o**2 + 6 + 2*o**3. What is g(-7)?
-15
Let o(v) = -v**3 - 8*v**2 - 4. L